.
10
Let t = -14 - -20. Let k be (38/6)/(2/t). Suppose -q - k = -69. What is the highest common factor of q and 10?
10
Let s = 25 - 9. Let j(z) = 12*z + 4. Let y be j(3). What is the greatest common factor of s and y?
8
Suppose -6*c + 5*c = -8. Let y = -2 - -10. What is the highest common factor of y and c?
8
Let j = -30 - -56. Suppose -j = -l - 9. Calculate the highest common divisor of 136 and l.
17
Let i = 3 - -5. What is the greatest common factor of i and 16?
8
Let b be 1*7/2*2. Let t = b - -45. Suppose 0 = -5*f + 4*f + 13. What is the greatest common factor of f and t?
13
Let z(j) = j**3 + 7*j**2 - 3*j - 9. Let g be (35/(-15))/(2/6). Let d be z(g). What is the greatest common factor of d and 30?
6
Let i be 0 - 3 - -1 - 2. Let u = 8 + i. What is the greatest common divisor of u and 8?
4
Suppose -9*o + 720 = -3*o. Calculate the greatest common factor of o and 48.
24
Let q(p) = p**2 + p + 19. Suppose 0*h + 5*h = 0. Let f be q(h). Calculate the highest common divisor of f and 209.
19
Let g = -5 - -8. Suppose -r - 2*r = g. Let z = r + 5. What is the highest common factor of z and 1?
1
Let x(i) be the first derivative of -5*i**2 - 2*i - 1. Let w be x(-3). What is the highest common divisor of 42 and w?
14
Suppose 0 = -3*h - i + 10 - 0, -4*h + 2*i = -20. Calculate the highest common divisor of 2 and h.
2
Let a(u) = -2*u + 29. Let c be a(7). What is the greatest common divisor of 10 and c?
5
Suppose 4*k = -6*j + 3*j + 14, 4*j = 8. What is the highest common factor of 2 and k?
2
Suppose -10 = 15*x - 17*x. Calculate the greatest common divisor of x and 45.
5
Suppose -4*w = -5*v - 39, -v + 18 = 2*w - 5*v. What is the highest common factor of w and 1?
1
Let o(q) = q**2 - 3*q + 2. Let s be o(4). Let z = s + -1. What is the highest common factor of 2 and z?
1
Suppose -11 = -c - 3. Suppose 0*r - 56 = -7*r. Calculate the highest common factor of c and r.
8
Suppose 2*m + 34 = -0*m - 4*t, 3*t + 8 = m. Let i be (-288)/10*(m - -2). Calculate the highest common divisor of 16 and i.
16
Suppose -5*a = -a + 112. Let n = -19 - a. Let q be 317/5 - 4/10. What is the highest common divisor of n and q?
9
Let p(o) = 6*o + 2. Let l be p(-2). Let k be (l/(-4))/((-2)/(-8)). Suppose 1 = 4*x - 7. What is the highest common factor of k and x?
2
Let b be (-2)/(-15) + (-446)/(-30). Calculate the greatest common factor of 15 and b.
15
Let d = 4 + -9. Let k(q) = -8 + 0*q - 2*q + 4. Let o be k(d). Calculate the highest common divisor of o and 42.
6
Let b(r) = -r**2 - r + 5. Let s be b(0). Suppose 4*i = 4*a, -2*i - 4*a = s + 7. Let v be (-6)/4 + (-73)/i. Calculate the highest common factor of v and 14.
7
Let z be ((-972)/63)/(2/(-14)). Calculate the highest common factor of z and 24.
12
Let k(g) = -13*g + 3. Let s be k(-1). What is the greatest common divisor of 2 and s?
2
Let z be (2 + 8)/((-4)/(-10)). What is the highest common factor of z and 5?
5
Let s(u) = -u**3 + 8*u**2 + 14*u - 6. Let z be s(9). Calculate the greatest common factor of 26 and z.
13
Suppose 3 + 2 = -p. Let m = -1 - p. Let v(o) = 7*o - 2. Let z be v(m). What is the greatest common divisor of 65 and z?
13
Suppose 2*t + 3*i = -0*t + 10, 3*i + 23 = t. What is the greatest common divisor of 1 and t?
1
Let k be -48*((-2)/6 + -3). What is the highest common factor of k and 32?
32
Suppose 3*o = -4 - 8, -3*q + 2*o + 170 = 0. Calculate the greatest common factor of 27 and q.
27
Let z be 30 + 1 + -1 - -2. Calculate the greatest common divisor of z and 4.
4
Suppose 10 = 5*u - 15. Suppose u*l - l - 5*y = 14, y = -2*l + 14. What is the greatest common divisor of l and 6?
6
Suppose -3*j + 14 = -j. Let z(x) = 4*x**2 - 10*x. Let s be z(j). Suppose 0 = -3*l, 0 = -n - 5*l + 7 + 11. Calculate the highest common factor of s and n.
18
Suppose 3 = 3*h - 9. Suppose 5*p - h*p - 7 = 0. Let t(n) = 10*n**2 + 5*n + 2. Let v be t(-3). Calculate the greatest common divisor of p and v.
7
Let r(v) = 10*v**2 + 1. Let n be r(-1). Let u(c) = 5*c + 3. Let t be u(6). Calculate the highest common factor of t and n.
11
Let f(j) = j**3 + 6*j**2 - 4. Suppose b + 4*n - 3 = 7, -5*n = b - 15. Let h = b - -6. Let o be f(h). What is the highest common divisor of o and 7?
7
Let f(z) = z**3 + 8*z**2 - 10*z + 3. Let u be f(-9). What is the greatest common divisor of 60 and u?
12
Let h(o) = -o**2 + 10*o + 13. Let j be h(11). Suppose j*m - 16 = -2*m. Let g be -3 + m - (-7 - 0). What is the highest common divisor of g and 20?
4
Let r(l) = l**2 - 4. Let g be r(7). What is the greatest common divisor of 5 and g?
5
Let o = 37 - 7. Suppose -2*h = -h - o. Let l(a) = -4*a**3 - a**2. Let f be l(-1). What is the highest common divisor of f and h?
3
Suppose 4*v + 4 - 24 = 0. Suppose v = o, -o + 26 = 4*u - 27. What is the greatest common factor of 132 and u?
12
Suppose 2*y = -3*y + 10. What is the greatest common factor of y and 2?
2
Suppose 4*s - g = -2*g + 15, 4*s - 11 = -5*g. Let c = -38 + 58. Suppose b = 3*b - c. What is the greatest common divisor of b and s?
2
Suppose -271 + 91 = -18*m. Let y(f) = 4*f + 2. Let d be y(2). What is the greatest common divisor of d and m?
10
Let m = -20 - -38. What is the highest common divisor of m and 72?
18
Suppose 60*b = 61*b - 56. What is the greatest common divisor of b and 7?
7
Let d be 2 + (9 - (-4)/4). Suppose 2*t = -i, -2*t - 2*i = -7*i - d. What is the greatest common divisor of t and 4?
1
Suppose 0 = -0*u - 3*u + 9. Suppose -u*c + 42 + 30 = 0. What is the highest common factor of c and 16?
8
Let v(h) = h - 1. Let o(j) = -5*j + 1. Let b(l) = -o(l) - 6*v(l). Let x be b(-7). What is the highest common factor of 72 and x?
12
Let n = 12 - -2. Let q = n + -5. Let y(p) = -91*p - 1. Let k be y(-1). What is the greatest common factor of q and k?
9
Let l(p) = 12*p - 9. Let g be l(11). Suppose 4*a = g + 5. Let m be 10 - (-7)/((-21)/6). Calculate the greatest common factor of m and a.
8
Suppose -2*d = -d - 182. Calculate the greatest common divisor of 26 and d.
26
Let i be (-14)/(-1) + (-7 - -3). Calculate the greatest common divisor of 30 and i.
10
Suppose -3*y - 4*y + 294 = 0. What is the highest common divisor of y and 210?
42
Let x(q) = -13*q + 14. Let k be x(11). Let g = k - -261. Calculate the highest common divisor of g and 12.
12
Let s = -13 + 26. What is the greatest common factor of 13 and s?
13
Let o be (-1044)/(-21) - (-4)/14. Let m be ((-26)/(-4) - -1)*(-48)/(-18). What is the greatest common divisor of o and m?
10
Suppose 32 = 7*f + f. Suppose 0 = 2*a - 4*b - 4, 5*a + f*b + 4 = 42. What is the greatest common divisor of 6 and a?
6
Let y be 10/(-45) + 4594/18. Suppose -2*l + y = 3*l. Let q(d) = -d**3 + 9*d**2 - 5*d - 7. Let g be q(8). What is the highest common divisor of g and l?
17
Let j = -98 - -196. What is the greatest common factor of 14 and j?
14
Suppose 3*o + 0*o - 264 = 0. Let q(z) = -z**2 + 9*z - 7. Let w(u) = -3*u - 3. Let b be w(-3). Let t be q(b). Calculate the greatest common divisor of t and o.
11
Let b(o) = 24*o**2 + o + 1. Let t be b(-1). Suppose x - t = 66. What is the highest common divisor of 10 and x?
10
Suppose 3*m = -1 + 7. Suppose m*d + d = 9. Suppose -5*v + 0*v - d = r, r - 2*v - 32 = 0. What is the highest common factor of r and 33?
11
Let v(d) = -d**2 - 22*d + 12. Let w be v(-21). Calculate the highest common factor of 3 and w.
3
Let d = 114 - 99. Suppose z - 209 = -2*c - 0*z, 0 = -4*z - 4. Calculate the greatest common divisor of c and d.
15
Suppose 3*m - 2 = -8. Let x be (4 - 0)*1/m. Let b be 26/4 - (-1)/x. What is the highest common divisor of b and 9?
3
Let k be (-1)/(-3 + 0 + 2). Suppose -2*g + k = -g. What is the highest common divisor of 8 and g?
1
Let j(o) = o**3 - 16*o**2 - 17*o + 3. Let v be j(17). What is the highest common factor of v and 6?
3
Let k = -3 - -19. What is the greatest common divisor of 80 and k?
16
Suppose -17 - 38 = -5*i. What is the greatest common factor of i and 77?
11
Suppose -2*w + 0*w + 2 = 0. Let v(o) = 46*o**2 - o. Let r be v(w). What is the highest common factor of r and 9?
9
Suppose -4*m = -2*m + 2*t - 276, 645 = 5*m - 4*t. Calculate the greatest common divisor of m and 57.
19
Let y be 16/(-20) + (-28)/(-10). Calculate the highest common divisor of y and 18.
2
Let q = -3 + 5. Suppose -3*b = m - 43, -2*b - 50 + 4 = -q*m. Calculate the greatest common div